ded by 7?
4
What is the remainder when 277 is divided by 68?
5
What is the remainder when 2787 is divided by 254?
247
Calculate the remainder when 100 is divided by 25.
0
What is the remainder when 4095 is divided by 1022?
7
Calculate the remainder when 1666 is divided by 153.
136
What is the remainder when 523 is divided by 14?
5
What is the remainder when 530 is divided by 38?
36
What is the remainder when 213 is divided by 209?
4
What is the remainder when 9699 is divided by 66?
63
What is the remainder when 183 is divided by 31?
28
What is the remainder when 2698 is divided by 9?
7
Calculate the remainder when 2825 is divided by 6.
5
Calculate the remainder when 1636 is divided by 77.
19
Calculate the remainder when 24 is divided by 4.
0
Calculate the remainder when 476 is divided by 146.
38
Calculate the remainder when 82 is divided by 34.
14
What is the remainder when 722 is divided by 22?
18
What is the remainder when 561 is divided by 42?
15
What is the remainder when 88 is divided by 34?
20
What is the remainder when 304 is divided by 56?
24
What is the remainder when 3830 is divided by 1912?
6
What is the remainder when 667 is divided by 67?
64
Calculate the remainder when 4197 is divided by 299.
11
Calculate the remainder when 311 is divided by 99.
14
What is the remainder when 1959 is divided by 975?
9
Calculate the remainder when 207 is divided by 32.
15
Calculate the remainder when 480 is divided by 46.
20
What is the remainder when 97 is divided by 34?
29
What is the remainder when 4354 is divided by 89?
82
Calculate the remainder when 198 is divided by 3.
0
Calculate the remainder when 50 is divided by 13.
11
Calculate the remainder when 787 is divided by 65.
7
Calculate the remainder when 6108 is divided by 47.
45
What is the remainder when 267 is divided by 89?
0
Calculate the remainder when 3088 is divided by 281.
278
What is the remainder when 52 is divided by 3?
1
What is the remainder when 623 is divided by 191?
50
Calculate the remainder when 250 is divided by 23.
20
What is the remainder when 287 is divided by 61?
43
Calculate the remainder when 4555 is divided by 43.
40
Calculate the remainder when 1742 is divided by 4.
2
What is the remainder when 110 is divided by 25?
10
Calculate the remainder when 1004 is divided by 24.
20
Calculate the remainder when 458 is divided by 34.
16
Calculate the remainder when 167 is divided by 7.
6
Calculate the remainder when 460 is divided by 77.
75
Calculate the remainder when 61747 is divided by 19.
16
Calculate the remainder when 214 is divided by 5.
4
What is the remainder when 849 is divided by 415?
19
Calculate the remainder when 1066 is divided by 272.
250
What is the remainder when 77 is divided by 39?
38
Calculate the remainder when 1423 is divided by 175.
23
What is the remainder when 83 is divided by 38?
7
Calculate the remainder when 168 is divided by 17.
15
Calculate the remainder when 104 is divided by 35.
34
What is the remainder when 1596 is divided by 268?
256
Calculate the remainder when 211 is divided by 24.
19
Calculate the remainder when 403 is divided by 105.
88
What is the remainder when 375 is divided by 13?
11
Calculate the remainder when 99 is divided by 34.
31
Calculate the remainder when 1852 is divided by 37.
2
Calculate the remainder when 86 is divided by 58.
28
What is the remainder when 741 is divided by 93?
90
What is the remainder when 9797 is divided by 115?
22
What is the remainder when 2013 is divided by 43?
35
What is the remainder when 799 is divided by 11?
7
Calculate the remainder when 257 is divided by 220.
37
Calculate the remainder when 96 is divided by 33.
30
Calculate the remainder when 249 is divided by 58.
17
What is the remainder when 2676 is divided by 67?
63
Calculate the remainder when 468 is divided by 242.
226
What is the remainder when 9591 is divided by 26?
23
What is the remainder when 300 is divided by 22?
14
What is the remainder when 13 is divided by 8?
5
Calculate the remainder when 518 is divided by 90.
68
Calculate the remainder when 1112 is divided by 103.
82
Calculate the remainder when 476 is divided by 42.
14
What is the remainder when 390 is divided by 28?
26
Calculate the remainder when 255 is divided by 35.
10
What is the remainder when 75 is divided by 20?
15
Calculate the remainder when 2580 is divided by 41.
38
Calculate the remainder when 201 is divided by 66.
3
What is the remainder when 180 is divided by 58?
6
Calculate the remainder when 103 is divided by 69.
34
What is the remainder when 350 is divided by 51?
44
Calculate the remainder when 6292 is divided by 4.
0
Calculate the remainder when 129 is divided by 30.
9
Calculate the remainder when 221 is divided by 4.
1
Calculate the remainder when 215 is divided by 117.
98
Calculate the remainder when 5 is divided by 4.
1
What is the remainder when 3138 is divided by 157?
155
Calculate the remainder when 1948 is divided by 8.
4
Calculate the remainder when 329 is divided by 88.
65
What is the remainder when 1152 is divided by 3?
0
What is the remainder when 513 is divided by 170?
3
What is the remainder when 6040 is divided by 38?
36
Calculate the remainder when 921 is divided by 33.
30
What is the remainder when 1064 is divided by 336?
56
Calculate the remainder when 94 is divided by 8.
6
What is the remainder when 353 is divided by 41?
25
Calculate the remainder when 223 is divided by 149.
74
What is the remainder when 439 is divided by 111?
106
Calculate the remainder when 331 is divided by 63.
16
Calculate the remainder when 195 is divided by 11.
8
Calculate the remainder when 457 is divided by 77.
72
What is the remainder when 12374 is divided by 99?
98
What is the remainder when 204 is divided by 136?
68
What is the remainder when 17505 is divided by 12?
9
Calculate the remainder when 60 is divided by 16.
12
Calculate the remainder when 369 is divided by 39.
18
What is the remainder when 2071 is divided by 82?
21
What is the remainder when 519 is divided by 138?
105
What is the remainder when 502 is divided by 45?
7
What is the remainder when 6451 is divided by 269?
264
What is the remainder when 1737 is divided by 87?
84
Calculate the remainder when 658 is divided by 55.
53
What is the remainder when 489 is divided by 46?
29
Calculate the remainder when 3213 is divided by 48.
45
Calculate the remainder when 54 is divided by 25.
4
What is the remainder when 415 is divided by 163?
89
Calculate the remainder when 124 is divided by 76.
48
What is the remainder when 247 is divided by 231?
16
Calculate the remainder when 493 is divided by 113.
41
Calculate the remainder when 166 is divided by 8.
6
What is the remainder when 1175 is divided by 122?
77
Calculate the remainder when 98 is divided by 34.
30
What is the remainder when 334 is divided by 20?
14
Calculate the remainder when 5799 is divided by 145.
144
What is the remainder when 887 is divided by 203?
75
Calculate the remainder when 888 is divided by 33.
30
What is the remainder when 1048 is divided by 94?
14
Calculate the remainder when 424 is divided by 59.
11
What is the remainder when 2053 is divided by 79?
78
Calculate the remainder when 6508 is divided by 17.
14
What is the remainder when 3271 is divided by 204?
7
What is the remainder when 220 is divided by 7?
3
Calculate the remainder when 130 is divided by 37.
19
What is the remainder when 125 is divided by 4?
1
Calculate the remainder when 122 is divided by 21.
17
Calculate the remainder when 598 is divided by 24.
22
Calculate the remainder when 900 is divided by 159.
105
Calculate the remainder when 123 is divided by 42.
39
Calculate the remainder when 831 is divided by 4.
3
Calculate the remainder when 106821 is divided by 24.
21
What is the remainder when 25 is divided by 5?
0
What is the remainder when 924 is divided by 183?
9
Calculate the remainder when 2914 is divided by 967.
13
What is the remainder when 18 is divided by 16?
2
What is the remainder when 120 is divided by 16?
8
Calculate the remainder when 482 is divided by 15.
2
Calculate the remainder when 5827 is divided by 5.
2
What is the remainder when 101 is divided by 22?
13
Calculate the remainder when 175 is divided by 75.
25
Calculate the remainder when 226 is divided b